{"id":2,"date":"2019-09-27T13:22:33","date_gmt":"2019-09-27T11:22:33","guid":{"rendered":"https:\/\/studiosquadrelli.it\/?page_id=2"},"modified":"2019-11-06T11:18:47","modified_gmt":"2019-11-06T10:18:47","slug":"pagina-di-esempio","status":"publish","type":"page","link":"https:\/\/studiosquadrelli.it\/?page_id=2","title":{"rendered":"I nostri servizi"},"content":{"rendered":"<div  data-label=\"Features\" data-id=\"features--1\" data-export-id=\"features-13-card-bordered\" data-category=\"features\" class=\"features-13 content-section content-section-spacing\" id=\"features-1\" style=\"background-color: rgb(255, 255, 255);\"><div  class=\"gridContainer\"> <div  class=\"row text-center\"><div  class=\"section-title-col\" data-type=\"column\">  <\/div> <\/div> <div  class=\"row spaced-cols content-center-sm\" data-type=\"row\"> <div  class=\"col-sm-4 col-md-6 \"> <div  class=\"card bordered y-move\" data-type=\"column\"> <i  class=\"fa icon fa-handshake-o reverse round big color1\"><\/i> <h4  class=\"\">AMMINISTRAZIONE CONDOMINIALE<\/h4> <p  class=\"\">Gestione a 360\u00b0: redazione bilanci, resoconti, riparto spese in base alle tabelle millesimali e riscossione delle quote. Disponiamo dei migliori e pi\u00f9 recenti programmi gestionali in grado di offrire trasparenza, puntualit\u00e0 e totale rispetto della privacy.<\/p> <\/div> <\/div> <div  class=\"col-sm-4 col-md-6 \"> <div  class=\"card bordered y-move\" data-type=\"column\"> <i  class=\"fa icon fa-comments reverse round big color1\"><\/i> <h4  class=\"\">CONSULENZE IMMOBILIARI<\/h4> <p  class=\"\">Grazie ad un approccio consulenziale, supportiamo i condom\u00ecni degli aspetti fiscali (obblighi, ritenute d\u2019acconto, cessione, trasferimento, affitti e vendite immobili) e legali (tutela degli interessi, rappresentanza).<\/p> <\/div> <\/div> <div  class=\"col-sm-4 col-md-6\"> <div  class=\"card bordered y-move\" data-type=\"column\"> <i  class=\"fa icon fa-clipboard reverse round big color1\"><\/i> <h4  class=\"\">BACHECA CONDOMINIALE<\/h4> <p  class=\"\">Grazie alla gestione informatizzata, i condomini possono reperire immediatamente e comodamente tutti i documenti e i dati a cui sono interessati. Accedi alla bacheca condominiale per visualizzare i documenti e gli avvisi del tuo condominio.<\/p> <a  class=\"button y-move small color1\" href=\"https:\/\/archicond.azurewebsites.net\/Account\/Login?ReturnUrl=%2F\" target=\"_blank\" data-cp-link=\"1\" data-icon=\"\">BACHECA CONDOMINIALE<\/a><\/div> <\/div><div  class=\"col-sm-4 col-md-6\"> <div  class=\"card bordered y-move\" data-type=\"column\"> <i  class=\"fa icon fa-lock reverse round big color1\"><\/i> <h4  class=\"\">PRIVACY CONDOMINIALE<\/h4> <p  class=\"\">I dati personali sono sempre al sicuro, grazie alla gestione della privacy condominiale effettuata tramite applicativi efficienti e sicuri. Accedi all\u2019area privacy condominiale per poter scaricare l\u2019informativa condominiale.<\/p> <a  class=\"button y-move small color1\" href=\"https:\/\/archicond.azurewebsites.net\/public\" target=\"_blank\" data-cp-link=\"1\" data-icon=\"\">PRIVACY CONDOMINIALE<\/a><\/div> <\/div><\/div> <\/div><\/div>","protected":false},"excerpt":{"rendered":"<p>AMMINISTRAZIONE CONDOMINIALE Gestione a 360\u00b0: redazione bilanci, resoconti, riparto spese in base alle tabelle millesimali e riscossione delle quote. Disponiamo dei migliori e pi\u00f9 recenti programmi gestionali in grado di offrire trasparenza, puntualit\u00e0 e totale rispetto della privacy. CONSULENZE IMMOBILIARI Grazie ad un approccio consulenziale, supportiamo i condom\u00ecni degli aspetti fiscali (obblighi, ritenute d\u2019acconto, cessione,&hellip; <br \/> <a class=\"read-more\" href=\"https:\/\/studiosquadrelli.it\/?page_id=2\">Read more<\/a><\/p>\n","protected":false},"author":1,"featured_media":0,"parent":0,"menu_order":0,"comment_status":"closed","ping_status":"open","template":"pro\/page-templates\/full-width-page.php","meta":{"footnotes":""},"class_list":["post-2","page","type-page","status-publish","hentry"],"_links":{"self":[{"href":"https:\/\/studiosquadrelli.it\/index.php?rest_route=\/wp\/v2\/pages\/2","targetHints":{"allow":["GET"]}}],"collection":[{"href":"https:\/\/studiosquadrelli.it\/index.php?rest_route=\/wp\/v2\/pages"}],"about":[{"href":"https:\/\/studiosquadrelli.it\/index.php?rest_route=\/wp\/v2\/types\/page"}],"author":[{"embeddable":true,"href":"https:\/\/studiosquadrelli.it\/index.php?rest_route=\/wp\/v2\/users\/1"}],"replies":[{"embeddable":true,"href":"https:\/\/studiosquadrelli.it\/index.php?rest_route=%2Fwp%2Fv2%2Fcomments&post=2"}],"version-history":[{"count":7,"href":"https:\/\/studiosquadrelli.it\/index.php?rest_route=\/wp\/v2\/pages\/2\/revisions"}],"predecessor-version":[{"id":75,"href":"https:\/\/studiosquadrelli.it\/index.php?rest_route=\/wp\/v2\/pages\/2\/revisions\/75"}],"wp:attachment":[{"href":"https:\/\/studiosquadrelli.it\/index.php?rest_route=%2Fwp%2Fv2%2Fmedia&parent=2"}],"curies":[{"name":"wp","href":"https:\/\/api.w.org\/{rel}","templated":true}]}}